Let h be (p/5)/((-3)/r). Calculate the highest common divisor of h and 16.
16
Suppose -5*p + 136 = 3*m - 30, -294 = -5*m - 4*p. Suppose 0 = 5*t - 1382 + m. Calculate the highest common factor of t and 24.
24
Let l = -7 - -16. Calculate the highest common divisor of 63 and l.
9
Let k be 97 + (0 + 6 - 4). Let b = 10 - 1. Calculate the greatest common factor of k and b.
9
Suppose -6*g - 131 + 929 = 0. Calculate the greatest common factor of 19 and g.
19
Suppose -15 = -5*y + 10. Suppose 8*q = y*q + 66. Let c(j) = 32*j**3 + 2*j**2 - 2*j + 1. Let a be c(1). What is the greatest common factor of q and a?
11
Let t(m) = -m**3 + 5*m**2 - 3*m + 1. Let q be t(3). Let n(p) = -p**3 - 2*p**2 + 3*p + 5. Let r be n(-3). Calculate the greatest common divisor of q and r.
5
Let m = -2 + -2. Let j = 16 + m. Calculate the greatest common divisor of 2 and j.
2
Suppose -25 + 7 = -2*i. What is the greatest common factor of i and 1?
1
Let j = -38 - -50. What is the greatest common divisor of j and 36?
12
Suppose -16*t + 403 - 19 = 0. Calculate the greatest common divisor of 24 and t.
24
Let b(s) = 13*s**3 - s**2 - 4*s + 3. Let q be b(2). Suppose -4*p + 205 = -q. Let w = 36 + -21. What is the greatest common divisor of p and w?
15
Let m(o) = 3*o - 3. Let y(v) = 2*v - 4. Let k(w) = 3*m(w) - 4*y(w). Let n be k(-6). Let r be 16*(2/n - 1). What is the greatest common factor of 64 and r?
16
Suppose 63 = -5*n - 2. Let b = 21 + n. What is the highest common divisor of b and 40?
8
Let y = -60 + 68. Calculate the highest common divisor of 16 and y.
8
Suppose -2*x = -t - 15, -4*x + 15 = 2*t + t. Calculate the highest common factor of 6 and x.
6
Let a(b) = -29*b**2 + 2*b - 1. Let g be a(1). Let y = -18 - g. Let m = 20 + -10. Calculate the highest common factor of m and y.
10
Let h be 53/11 - 6/(-33). Suppose -3*l = 2*w - 11, l + w + 3 = 2*w. What is the greatest common divisor of h and l?
1
Let i be (-8)/(-3) - (-12)/(-18). Suppose -n + 11 = i. Calculate the greatest common divisor of n and 9.
9
Let c(n) = n**3 + 4*n**2 - n - 1. Let o be c(-4). Let x(q) = 2 - 7 + 2 - o*q. Let l be x(-5). Calculate the greatest common factor of 30 and l.
6
Suppose 0*l + h = -3*l + 95, -3*h = -2*l + 67. Suppose p - 1 = 7. Calculate the greatest common factor of l and p.
8
Suppose -4*i + 36 = -t, 21 - 3 = 2*i - 2*t. Let w = i + -3. Calculate the highest common divisor of 9 and w.
3
Suppose 0 = -k - 5*r + 6, -2*k + 5*r + 12 = -0*k. Let w be (k/3)/((-2)/(-8)). What is the highest common factor of 72 and w?
8
Let c(a) = -a**2 + 2*a + 4. Suppose -4*o + 4 = 4*l, -o - 4*l + 9*l + 13 = 0. Let m be c(o). Calculate the highest common factor of m and 9.
1
Let y(b) = -6*b**3 + 2*b**2 + 2*b + 3. Let k be y(-2). Suppose 96 = 7*t - 3*t. Let g = t - 13. What is the highest common divisor of g and k?
11
Let f = 61 - 55. Calculate the highest common factor of f and 12.
6
Let o be 3 + 279/2 + 1/2. Let i be (-5)/(10/(-24)) + 1. Calculate the highest common factor of i and o.
13
Suppose 0*x + 6 = x. Suppose -9 = 5*y + n, x*n - n - 7 = y. Let w = 4 + y. What is the greatest common factor of w and 14?
2
Let c be (-7 + 2)/(1/(-2)). What is the highest common factor of 40 and c?
10
Let v(w) = w**3 + 8*w**2 - 2*w. Let s be v(-8). What is the greatest common divisor of 144 and s?
16
Suppose 0 - 4 = -4*z. Suppose 0 = -4*c - 5 - 151. Let d = -30 - c. What is the highest common factor of z and d?
1
Let u(w) = -w**3 + 10*w**2 + 5*w + 6. Let z be u(10). What is the highest common factor of z and 8?
8
Let s = -36 + 41. What is the greatest common factor of s and 20?
5
Let o be 2 - -1 - 28*1. Let h = -12 - o. Let a = 57 - 5. Calculate the greatest common divisor of h and a.
13
Let n be 135/25 - 2*1/5. What is the greatest common divisor of 25 and n?
5
Let s = 271 - 156. What is the greatest common divisor of 23 and s?
23
Suppose 3*g = 2*x - 29, -x = -0*x - 4*g - 2. What is the greatest common factor of x and 242?
22
Suppose 0 = 3*y - 28 - 2. Let h be 122/y + (-5)/25. Calculate the highest common divisor of 12 and h.
12
Suppose 4*c - 1 - 27 = 0. Suppose 2*l - 60 = -2*y, -2*l + 46 = -0*l - 5*y. Calculate the highest common divisor of c and l.
7
Let q(i) = 27*i + 4. Let r be q(6). Let l = r + -117. Calculate the greatest common factor of 7 and l.
7
Suppose 4*h = h + 3. Let l be (-23)/(-46) - 39/(-2). Let a = h + l. Calculate the greatest common divisor of a and 3.
3
Let n = 14 - 7. Let f(y) = y**3 + 3*y**2 + 3*y - 2. Let h be f(-2). Let l be (h - -22)*(-7)/(-2). Calculate the greatest common divisor of n and l.
7
Let f(u) = u**2 - 9. Let d be (0/(1 + -2))/1. Let x be f(d). Let a be (3 + x)*4/(-6). Calculate the greatest common factor of 1 and a.
1
Suppose 5*x = 5*p + 185, 2*x - 175 = -2*x - 5*p. Suppose h + 25 = 3*u + 6*h, h = -1. Calculate the highest common factor of x and u.
10
Suppose 4*x + 4*f - 165 = 5*f, x - 4*f = 60. What is the greatest common divisor of x and 32?
8
Let n(s) = -32*s + 27*s + 3 + 7 - 5. Let f be n(-10). Calculate the greatest common divisor of 22 and f.
11
Let q = -61 + 101. What is the greatest common factor of 8 and q?
8
Suppose -5*y = 4*s - s - 90, -4*y + 30 = s. Calculate the greatest common divisor of 45 and s.
15
Let d = 20 - 9. Calculate the greatest common divisor of 77 and d.
11
Let w = 4 + 0. Let b(i) = -6*i - 3. Let u be b(w). Let c = -7 - u. What is the highest common divisor of 80 and c?
20
Let v = -10 + 9. Let y = -3 - v. Let k = 18 + y. Calculate the highest common factor of 48 and k.
16
Let q(p) = 2*p - 8. Let a be q(12). What is the highest common divisor of 8 and a?
8
Let l be 1/4 + (-892)/(-16). Calculate the greatest common factor of 8 and l.
8
Let h(g) = -g**3 - 9*g**2 - 10*g - 8. Let r be h(-8). Let k = r - 6. Suppose -3*b + 8 = b. What is the highest common factor of b and k?
2
Suppose 9*s = 4*s + 70. Let l be (-4)/(-6)*(-126)/(-2). Calculate the greatest common factor of l and s.
14
Let y be 364/10 - (-4)/(-10). Suppose 12 + y = -3*l. Let k be (1/2)/((-2)/l). Calculate the greatest common factor of 6 and k.
2
Suppose 42 = a + 4. What is the greatest common divisor of 114 and a?
38
Let r = -8 + 13. Suppose 0 = 2*j + 4*a - 268, -2*j = r*a - 210 - 61. Let w = -2 + 18. What is the greatest common factor of j and w?
16
Let g(o) = o**3 + 12*o**2 + 6*o - 13. Let w be g(-11). Calculate the greatest common factor of w and 21.
21
Suppose 3*i - 20 = 5*x, 5 = 5*x - 0*x + 2*i. Let t = 12 + x. Suppose 2*w - 110 = -3*w. Calculate the greatest common divisor of w and t.
11
Let k = 6 - 3. Let u(v) = -10 + 3*v - k - 9 + 4. Let g be u(13). Calculate the greatest common factor of g and 21.
21
Let k(z) = 70*z - 72. Let h be k(2). Suppose 100 = -3*n - n - 2*q, -3*n = q + 77. Let b = -10 - n. Calculate the greatest common factor of b and h.
17
Suppose 4*y - 2*y - 4 = 0. Suppose 2*x = -y*x + 16. Suppose m + 68 = 3*m - 4*p, 0 = -5*p + 25. What is the greatest common divisor of x and m?
4
Suppose 0 = -2*b + 3*b - 1. What is the highest common divisor of 5 and b?
1
Suppose -9*t + 750 = -4*t. Calculate the greatest common divisor of 60 and t.
30
Let m = -6 + 11. Suppose -4*h = -n + 6, -2*h = -m*n - 0*h + 48. Let p = 35 + 35. What is the highest common factor of p and n?
10
Let h = 8 + -10. Let v(c) = -31*c - 2. Let j be v(h). What is the highest common divisor of 20 and j?
20
Suppose 2*f - 37 = -4*d + 3, -3*d = 5*f - 86. What is the greatest common divisor of 32 and f?
16
Let s = 38 + -23. What is the greatest common factor of s and 60?
15
Let t(r) = 3*r**2 + 7*r + 5. Let k(h) = h - 1. Let z be k(-4). Let c be t(z). Suppose 5*m + 0*m = c. Calculate the greatest common divisor of 3 and m.
3
Let p = 79 - 71. Calculate the greatest common divisor of p and 4.
4
Suppose 6*x - 203 = 175. Let s be (-124)/(-6) + 1/3. Calculate the highest common divisor of s and x.
21
Let h = -14 + 14. Suppose -l = -h*l - 12. What is the greatest common factor of l and 12?
12
Let r(t) = -t + 5. Let d be r(-7). Suppose -2*j + 1 = -23. What is the highest common factor of d and j?
12
Suppose c + 2*c - 498 = 3*r, 665 = 4*c - 5*r. Calculate the greatest common divisor of 15 and c.
15
Suppose -5*h - 5*w = -2*w - 102, -2*h + 38 = 4*w. Let q = 1 + 1. Suppose 14 = -0*l + q*l. What is the greatest common divisor of l and h?
7
Suppose -18*i - 4